07
Let t(u) = 309*u + 26888. Determine t(-87).
5
Let y(n) = -3*n**3 + 438*n**2 + 4183*n - 11. What is y(-9)?
7
Let p(y) = -432*y**2 - 2081*y - 7. Determine p(-5).
-402
Let z(l) = 71806*l + 4595587. Determine z(-64).
3
Let v(s) = 11454*s - 57273. Determine v(5).
-3
Let b(s) = -11*s**3 - 6*s**2 + 216*s - 417. Calculate b(2).
-97
Let l(w) = -5*w**2 + 19234*w - 382702. Determine l(20).
-22
Let v(d) = -4*d**3 + 29*d**2 + 137*d - 364. Give v(10).
-94
Let j(x) = x**2 + 709*x - 87395. Give j(107).
-83
Let k(r) = -591*r**2 - 56739*r - 310. What is k(-96)?
-22
Let k(u) = -898*u + 34916. Give k(39).
-106
Let g(z) = -3742*z**2 + 299350*z + 789. Determine g(80).
-11
Let b(y) = 4489*y + 5181. Calculate b(-1).
692
Let p(l) = 25*l**2 + 2429*l - 821. Determine p(-97).
-1209
Let q(c) = 423*c - 3773. Determine q(6).
-1235
Let t(y) = 2*y**2 - 602*y - 7546. Give t(313).
-34
Let p(l) = -2*l + 155. Calculate p(111).
-67
Let s(o) = -o**2 - 1523*o + 9174. Calculate s(6).
0
Let i(m) = -5*m**2 - 14690*m - 44016. Calculate i(-3).
9
Let i(h) = h**3 - h**2 - 31*h - 6. Calculate i(-4).
38
Let a(q) = -12*q**2 + 128*q - 235. Give a(6).
101
Let t(i) = 41675*i - 16878388. What is t(405)?
-13
Let w(j) = -2*j**2 - 747*j - 14810. Calculate w(-21).
-5
Let i(t) = -3*t**2 - 471*t + 49427. Determine i(-229).
-37
Let q(j) = -38*j**3 + 635*j**2 - 2164*j + 16. Calculate q(12).
-176
Let v(f) = -f**3 - 22*f**2 + 388*f + 2181. Determine v(-32).
5
Let n(d) = -1787*d - 28545. Calculate n(-16).
47
Let m(v) = -v**2 - 44*v + 807. Calculate m(20).
-473
Let n(d) = -3*d**3 + 39*d**2 + 311*d - 4033. Give n(13).
10
Let m(t) = 284*t - 23144. Determine m(89).
2132
Let m(r) = -5633*r + 642167. Give m(114).
5
Let i(y) = y**3 - 31*y**2 - 172*y + 1891. Give i(6).
-41
Let x(t) = -77*t**2 - 8776*t + 247. What is x(-114)?
19
Let v(u) = -18256*u + 118. Calculate v(0).
118
Let n(x) = -2*x**3 - 404*x**2 + 22817*x - 291. Calculate n(-248).
-539
Let y(v) = -4*v**2 + 475*v + 4587. Determine y(-9).
-12
Let x(q) = -q**2 - 14263*q - 14260. Give x(-1).
2
Let j(l) = -571*l + 4009. Calculate j(8).
-559
Let h(d) = 26*d**2 + 17359*d + 28638. Determine h(-666).
0
Let v(x) = 10683*x - 341774. Calculate v(32).
82
Let u(p) = 417*p**2 - 552522*p - 3954. Calculate u(1325).
21
Let u(o) = -2*o**2 + 22980*o + 621922. What is u(-27)?
4
Let t(q) = 2*q**3 + 84*q**2 - 13*q + 5. Determine t(-5).
1920
Let w(i) = i**2 + 192*i - 2876. Determine w(14).
8
Let u(s) = 16*s + 488. Calculate u(-5).
408
Let i(c) = 523*c + 6276. Calculate i(-10).
1046
Let i(p) = -2*p**3 + 100*p**2 - 177*p - 508. Calculate i(48).
212
Let k(y) = 79*y - 19412. Determine k(211).
-2743
Let s(v) = -52*v**2 - 6896*v - 41360. Calculate s(-6).
-1856
Let w(x) = x**3 - 3*x**2 + 931*x - 1854. What is w(2)?
4
Let k(s) = 4249*s - 356926. Give k(84).
-10
Let w(b) = -47*b**3 + 133*b**2 + 34*b - 34. Determine w(3).
-4
Let p(m) = -6*m**2 - 3657*m + 25905. Determine p(7).
12
Let m(r) = 2*r**2 + 565*r + 6576. What is m(-271)?
343
Let s(a) = a**2 + 241*a + 13440. What is s(-156)?
180
Let c(l) = -2*l**2 + 210*l - 3897. What is c(27)?
315
Let b(z) = -2*z**2 - 255*z - 6281. Determine b(-94).
17
Let c(x) = x**3 - 88*x**2 - 2288*x + 86. Determine c(-21).
65
Let g(u) = -6948*u - 48636. What is g(-7)?
0
Let l(w) = 22*w**2 - 875*w + 308. Calculate l(39).
-355
Let k(i) = 33*i**2 + 28*i + 41. What is k(-7)?
1462
Let m(n) = -4*n**3 - 18*n**2 + 7218*n + 28910. Determine m(-4).
6
Let k(d) = 12912*d + 8057089. Calculate k(-624).
1
Let d(h) = -3*h**3 - 35*h**2 + 115*h + 782. Calculate d(-13).
-37
Let c(w) = w**2 - 75*w - 3033. Give c(26).
-4307
Let q(b) = 853*b + 6992. Determine q(-8).
168
Let x(m) = 3*m**3 + 102*m**2 - 58*m - 5423. Determine x(-33).
-242
Let q(o) = 3*o**3 + 157*o**2 + 71*o + 242. Determine q(-52).
-746
Let c(r) = -r**3 - 62*r**2 - 572*r - 1263. Determine c(-7).
46
Let g(w) = 732*w + 6774. Determine g(-9).
186
Let b(r) = 189*r - 8601. Calculate b(51).
1038
Let y(l) = -223538*l + 1341218. Calculate y(6).
-10
Let y(d) = -d**3 - 73*d**2 + 729*d + 118. Determine y(-82).
856
Let t(w) = -5032*w - 64573. What is t(-13)?
843
Let g(y) = 187298*y - 7866544. Determine g(42).
-28
Let g(u) = 7*u**2 - 735*u + 18190. What is g(40)?
-10
Let a(q) = -2467*q**2 + 19743*q + 8. Determine a(8).
64
Let k(n) = 266*n**3 - 2653*n**2 - 59*n - 101. Calculate k(10).
9
Let k(s) = 133*s**2 - 5074*s + 766. Calculate k(38).
6
Let f(l) = -12950*l - 1269091. Calculate f(-98).
9
Let s(a) = 9*a**3 + 127*a**2 - 109*a - 868. Calculate s(-14).
854
Let q(d) = -969162*d + 4845821. Give q(5).
11
Let t(v) = v**3 - 70*v**2 - 638*v + 35583. Give t(72).
15
Let s(n) = -102*n**2 + 85*n + 13279. What is s(-11)?
2
Let k(t) = t**3 - 30*t**2 - 579*t + 17830. Give k(27).
10
Let t(v) = -19*v**2 - 53*v + 6576. Calculate t(-20).
36
Let f(x) = -7494499*x + 52461489. Give f(7).
-4
Let j(u) = -4220*u + 62795. Determine j(15).
-505
Let v(u) = u**3 - 90*u**2 + 1140*u - 3642. Determine v(5).
-67
Let c(h) = -h**3 - 269*h**2 + 276*h + 1622. Give c(-270).
2
Let a(z) = -z**3 + 10*z**2 + 171*z + 1274. Calculate a(21).
14
Let f(x) = -127*x**2 + 14141*x + 9278. What is f(112)?
-18
Let g(n) = -378*n + 780. What is g(4)?
-732
Let s(d) = -2*d**3 - 129*d**2 - 122*d + 4792. Give s(-63).
571
Let d(y) = -667*y**2 - 3346*y + 196. Give d(-5).
251
Let r(o) = -9369*o - 46814. What is r(-5)?
31
Let h(s) = 1466*s + 2972. Calculate h(-2).
40
Let o(t) = 34928*t - 104798. Give o(3).
-14
Let l(h) = -2338*h + 63008. What is l(27)?
-118
Let r(i) = -i**3 - 265*i**2 - 11077*i - 254. Determine r(-213).
-41
Let y(p) = -530*p + 35541. Determine y(67).
31
Let z(b) = 447*b - 21284. What is z(47)?
-275
Let y(j) = 8236*j**2 - 32941*j - 6. Give y(4).
6
Let v(z) = -1424*z - 78217. Calculate v(-55).
103
Let t(p) = p**3 - 389*p**2 + 2287*p + 4196. Calculate t(383).
-17
Let y(a) = -a**3 - 13*a**2 - 154*a - 2536. Determine y(-22).
5208
Let k(v) = 6*v**3 - 30*v**2 + 318*v + 1252. Calculate k(-3).
-134
Let z(c) = -30106*c - 2468687. Calculate z(-82).
5
Let x(w) = -24*w**2 + 15*w + 40. Give x(4).
-284
Let d(c) = 542*c + 20920. What is d(-39)?
-218
Let d(q) = 41*q**2 + 2587*q - 11002. Give d(4).
2
Let u(v) = 29*v - 3830. Determine u(122).
-292
Let y(v) = v**3 - 2*v**2 - 34*v + 95. Give y(-6).
11
Let g(r) = -7*r**2 - 245738*r - 737224. Give g(-3).
-73
Let n(s) = s**3 + 58*s**2 - 9384*s + 1720. Calculate n(72).
-8
Let i(n) = -962*n + 43065. Give i(45).
-225
Let o(q) = -3*q**3 - 2*q**2 - 26*q + 43. Calculate o(-5).
498
Let b(k) = k**3 + 41*k**2 - 29*k + 403. Calculate b(-42).
-143
Let s(k) = 73*k**2 - 521*k + 504. Calculate s(6).
6
Let n(f) = 7*f**2 - 1249*f + 36204. What is n(142)?
-6
Let g(r) = 2929*r**2 - 11717*r + 10. What is g(4)?
6
Let d(k) = -7*k**3 + 1892*k**2 - 9787*k - 4770. Calculate d(265).
0
Let d(q) = 17*q**2 + 2334*q + 11251. Give d(-5).
6
Let a(h) = 3*h**3 - 106*h**2 + 69*h - 288. Determine a(35).
902
Let q(t) = t**3 - 55*t**2 - 55*t + 5900. Determine q(54).
14
Let a(n) = -8*n**3 + 76*n**2 + 146*n + 10. Determine a(11).
164
Let m(u) = -306*u - 871. Determine m(-5).
659
Let z(d) = 33*d**3 + 3962*d**2 + 232*d - 1099. Calculate z(-120).
-139
Let a(h) = 63*h**2 - 575*h - 1155. Calculate a(-2).
247
Let j(t) = 148*t**2 - 3072*t + 7341. What is j(18)?
-3
Let a(b) = -140*b + 4564. Calculate a(40).
-1036
Let c(a) = -2435*a - 30763. What is c(-13)?
892
Let i(d) = 2*d**3 + 28*d**2 - 187*d + 66. Calculate i(-19).
9
Let w(u) = 9*u**2 - 235*u + 618. Give w(3).
-6
Let t(a) = 12*a**3 - 2953*a**2 + 14700*a + 238. What is t(241)?
-3
Let o(d) = 3*d**3 - 729*d**2 + 1510*d - 15548. Determine o(241).
-124
Let i(o) = -204*o**3 + 12446*o**2 - 127*o + 313. Calculate i(61).
8
Let p(g) = 784*g + 5936. Calculate p(-7).
448
Let h(d) = 29*d**3 - 259*d**2 - 1311*d + 3. Give h(-5).
-3542
Let i(z) = 2*z**2 + 96*z - 5117. Calculate i(32).
3
Let o(s) = -2*s**3 + 171*s**2 - 665*s + 7460. Determine o(82).
-2
Let o(q) = 3667*q - 355701. What is o(97)?
-2
Let p(b) = -7582*b - 90955. What is p(-12)?
29
Let y(c) = -c**3 - 88*c**2 - 1152*c + 3901. What is y(-71)?
-4
Let f(c) = 64254*c + 1542100. Give f(-24).
4
Let q(c) = 837252*c + 18419550. Determine q(-22).
6
Let q(j) = 24750*j + 32026504. Give q(-1294).
4
Let c(j) = -13345*j - 17395. What is c(-1)?
-4050
Let w(h) = 268*h**2 + 3078*h - 35. What is w(-12)?
1621